(-2).
-6
Let g(f) = 3*f**3 + 3*f**2 - 5*f + 6. Let p(z) = 2*z**3 - z**2 + z - 1. Let t(c) = g(c) + 5*p(c). What is t(1)?
12
Let z(l) = 3*l**2 + 8*l - 5. Let j(m) = 4*m**2 + 8*m - 5. Let o(u) = 2*j(u) - 3*z(u). Determine o(-8).
5
Suppose 3 = d - 8. Let v(a) = -1 - d*a + 4 - 4. Let m = -34 + 33. Give v(m).
10
Let f(z) = -7*z**2 - 17*z - 11. Let s(y) = -6*y**2 - 13*y - 11. Let w(v) = 5*f(v) - 6*s(v). What is w(7)?
11
Let o(v) = 2*v**2 - 76*v + 41. Let m(c) = -c**2 + 42*c - 21. Let a(k) = 7*m(k) + 4*o(k). What is a(7)?
-4
Let t = 233 + -238. Let v(a) = 5*a**2 + 5 + 2*a**3 + 0*a - a**3 + 0*a**3 + 2*a. What is v(t)?
-5
Let b(p) = -2*p**2 - 3*p + 4. Let a(w) = w**3 + 7*w**2 - 5*w + 27. Let r be a(-8). What is b(r)?
-23
Let l(x) = -60*x + 15. Let q(t) = -12*t + 3. Let v(d) = 4*l(d) - 21*q(d). What is v(2)?
21
Suppose -4 = -m - 2*r, -2*m = -3*r + 14 + 6. Let a(t) = 3*t**2 + 4*t - 1. Let x(j) = -5*j**2 - 9*j + 3. Let u(k) = m*x(k) - 7*a(k). Give u(6).
7
Let m(a) be the third derivative of -a**5/60 + a**4/6 + a**3/3 + 182*a**2. Determine m(-4).
-30
Let a(c) = 5*c. Let k(r) = -7*r + 14. Let v(o) = -2*a(o) - k(o). Determine v(-8).
10
Suppose -31 = -2*k - 3*i, -4*k - i = -2*i - 55. Let w = 12 - k. Let n(m) be the third derivative of -m**6/120 - m**5/30 - m**3/6 + 2*m**2. Determine n(w).
-1
Let j(s) be the first derivative of -3/2*s**2 + 31 - 4*s. Give j(-5).
11
Suppose -2*r = -0*r - 60. Let f(s) = -12*s - 15*s + r*s. Calculate f(4).
12
Let k(y) be the second derivative of -y**3 + 29*y**2/2 + 3*y. Let d(h) = -2*h + 10. Let p(c) = -17*d(c) + 6*k(c). Suppose 3*i - 11 - 1 = 0. What is p(i)?
-4
Let b = -80 + 77. Let i(x) be the first derivative of 5*x**2/2 + x - 2. Determine i(b).
-14
Let d(g) = -g. Let z(v) = -23 + 2*v - 3*v + 29 - 18. Suppose -y = -0*y + 3*b - 2, -5*y - 58 = -2*b. Let u be z(y). What is d(u)?
2
Suppose y + 30 = -2*o, 2 = 4*o - 5*y + 34. Suppose 0 = -3*m + 5*s - 77, -s = -5*m - 32 - 67. Let a = o - m. Let l(d) = 2*d - 8. Give l(a).
4
Let w(d) be the second derivative of 1/6*d**4 - d + 0 - 7/6*d**3 + 2*d**2. Let n = -10 + 14. Give w(n).
8
Let n(w) be the second derivative of -7*w**5/20 - w**4/6 + w**2/2 + 115*w. Calculate n(-1).
6
Let h(o) = -2*o - 1. Let i(b) = 7*b + 5. Let v(z) = -4*h(z) - i(z). Suppose -18 = 3*y + 6. Let l(d) = d**2 + 10*d + 19. Let j be l(y). Calculate v(j).
2
Let s(w) = w**3 + 22*w**2 - 21*w + 49. Let v be 1572/(-68) - 6/(-51). Give s(v).
3
Let i(l) be the second derivative of 5*l**4/12 - l**2/2 + 37*l. What is i(1)?
4
Let i(p) be the third derivative of -p**5/30 - p**4/24 - 18*p**2. Let a(u) = u**2 + 3*u - 42. Let s be a(-8). Determine i(s).
-6
Let u = -9 - -3. Let o(f) be the second derivative of f**6/720 + f**5/60 - 5*f**4/4 + 11*f. Let i(w) be the third derivative of o(w). Calculate i(u).
-4
Let j = 131 - 136. Let b(x) = 4*x**2 + x. Let h(m) = -7*m**2 - 3*m. Let g(k) = -5*b(k) - 3*h(k). Give g(j).
5
Let w = -28 + 31. Let l(i) = 1 + i**2 - w*i + i + 4 - 4*i. Give l(5).
0
Let v(l) = l**2 - l - 7 + 5*l + 9. Let c = 69 - 73. What is v(c)?
2
Let g(a) be the first derivative of -a**5/20 + a**4/3 + 5*a**3/6 + 2*a**2 - 51*a + 9. Let j(d) be the first derivative of g(d). Determine j(5).
4
Let g(n) = n**2 + 512 + 2*n - 255 - 2*n**2 - 253. What is g(0)?
4
Let u(o) be the third derivative of -o**4/24 + 439*o**2 + 2. Let z = 9 + -1. Suppose -5*f + z = -2*a, -12 = -f + 3*a - 0*a. Give u(f).
0
Let p(f) = -f**2 - 10*f + 11. Let i(z) = 2*z**2 + 52*z + 85. Let q be i(-24). What is p(q)?
0
Let r(z) be the second derivative of z**6/180 - z**4/12 - 13*z**3/3 - 9*z. Let p(w) be the second derivative of r(w). What is p(2)?
6
Let q(x) = -3*x - 27. Let d be q(-9). Let i(b) = -b + 1. Give i(d).
1
Let k be 2/(-6) - 70/(-21). Suppose 5*m - k*n + 9 = 0, 0*m + 3*m + 4*n = 12. Let c(g) = -g. Let o(q) = 2*q. Let b(i) = -11*c(i) - 6*o(i). Calculate b(m).
0
Let f(w) = -18*w + 20. Let m be f(1). Suppose 2*t = -t. Let h(q) = 3*q**m + 4 - 3 + 6*q**2 + t. Determine h(1).
10
Let s(t) = -t**2 + 5*t + 9. Let o be s(7). Let n be 3/(-12) - 9/(-4). Let x(c) = -7*c + 9. Let v(z) = -3*z + 4. Let f(k) = n*x(k) - 5*v(k). Determine f(o).
-7
Let f = -223 + 229. Let a(d) = d**2 - 6*d - 5. Give a(f).
-5
Let m(k) = k + 3. Let w(i) = -i**3 + 5*i**2 - 5. Suppose 0 = -f + 6 - 1. Let t be w(f). Calculate m(t).
-2
Let u(q) be the third derivative of 19*q**6/120 - q**5/30 + q**4/24 - 35*q**2. What is u(1)?
18
Let u(d) be the third derivative of d**6/360 + d**4/4 + 5*d**3/2 + 16*d**2. Let p(a) be the first derivative of u(a). Calculate p(0).
6
Let h(v) = v**3 - 6*v**2 + 7*v - 7. Let s(k) = -3*k**2 - 3*k + 3*k**2 + 1 + 0*k**2 + k**2. Let n be s(4). Determine h(n).
3
Suppose -p - p + 5 = 5*m, 4*m - 4 = -4*p. Let r(d) = -6*d + 5*d + p*d. Give r(7).
-7
Let u(f) = -2*f**3 - 8*f**2 - 13*f - 15. Let q(b) = b**3 + 4*b**2 + 6*b + 7. Let s(m) = 9*q(m) + 4*u(m). Let w(z) = -73*z + 435. Let y be w(6). Determine s(y).
6
Let l(o) = 9*o - 2. Let z(b) be the second derivative of 4*b**3/3 - 3*b**2/2 + 7*b. Let r(d) = -3*l(d) + 2*z(d). Give r(1).
-11
Let z = 14 + -10. Let q be (2 - -3)*1 + -2. Let u(a) = -3 + 0*a**q - 3*a**2 + a**3 - 1. Give u(z).
12
Suppose -53*p = -65*p + 108. Let b(i) = -2*i + 8. Determine b(p).
-10
Let q(b) = b**2 - b + 1. Let s(g) = 2*g**2 + 6*g + 1. Let n(y) = 2*q(y) + s(y). What is n(-2)?
11
Let q(b) = -2*b**2 - 3*b - 1. Let z(k) = 5*k**2 + 7*k + 3. Let c be 1495/(-55) - (-4)/22. Let r = c - -20. Let x(h) = r*q(h) - 3*z(h). What is x(0)?
-2
Let q = 42 + -37. Suppose 5*d = -0 - q. Let n(o) = -3*o**3 - o. What is n(d)?
4
Let t(g) = -595*g - g**3 + 602*g + 92 - 88 + 6*g**2. Let l be (-2 - -9)*-1*-1. Give t(l).
4
Let i(w) = -4*w**2 + 2. Let m = -27 - -21. Let q be ((-3)/m)/(1/(-44)). Let x(c) = -21*c**2 + 11. Let j(l) = q*i(l) + 4*x(l). Give j(1).
4
Let j(y) be the third derivative of 1/8*y**4 + 0 - 1/3*y**3 - 13*y**2 - 1/60*y**5 + 0*y. Determine j(2).
0
Let v(t) be the first derivative of 3 + 2/3*t**3 - 1/6*t**4 - 1/2*t**2 + 3*t. Let d(j) be the first derivative of v(j). What is d(3)?
-7
Let s(m) = m**3 - m**2 - m + 2. Let t be (0 - -22)/(1 + 1). Let n(z) = z + 2 + 9 - 2*z. Let x be n(t). What is s(x)?
2
Let l(m) be the second derivative of -3*m**5/4 + m**4/6 - m**3/3 + m**2/2 + 133*m. Let w(s) = -s**2 + s + 1. Let x be w(0). Determine l(x).
-14
Let i(r) be the first derivative of -r**4/24 + 2*r**3 - 3*r**2/2 - 3. Let h(l) be the second derivative of i(l). Suppose 16*g - 3*g - 78 = 0. Give h(g).
6
Suppose h - 3*x = 4*h, -5*x - 16 = h. Suppose g = -2*g - 3. Let v(a) = -5*a - 6. Let b(o) = o + 1. Let j(d) = g*v(d) - 4*b(d). What is j(h)?
6
Let g = -5 + 7. Let c(p) = p**3 - 5*p**2 - 2*p + 5. Let l(q) = -q**3 + 6*q**2 + 2*q - 6. Let m(n) = -4*c(n) - 3*l(n). Determine m(g).
2
Let o(v) = -3*v - 7. Let m = -141 - -146. Determine o(m).
-22
Let v(k) = -k**2. Let b(w) = -8*w**2 + w**2 + 1 - 11*w - 7*w + 20*w. Let a(d) = b(d) - 5*v(d). Calculate a(-1).
-3
Let a(z) = 2*z**3 - z**2 - z. Let d be a(-1). Let k be d + 6 - (0 - 1). Let b(x) be the first derivative of x**2/2 - x - 171. What is b(k)?
4
Let h = 35 - 36. Let g be h/3 - 63/(-27). Suppose g - 21 = -2*c - 5*n, 2*n = 6. Let d(i) = i**3 - 5*i**2 + 3*i. Calculate d(c).
-6
Let q(h) = -2782*h + 1399*h + h**2 + 1391*h + 5. Give q(-6).
-7
Let g(m) be the second derivative of -5/6*m**3 + 0 - 2*m**2 + 3*m. Determine g(-3).
11
Suppose 4*b + 211 - 255 = 0. Let w(a) = a**2 - 14*a + 3. Calculate w(b).
-30
Suppose 0 = f + 2*f + z - 11, 2 = f + 2*z. Suppose -4*d = -12 - f. Let n(h) = h**3 - 5*h**2 + 6*h - 3. Calculate n(d).
5
Let w(q) be the third derivative of -q**8/6720 - q**6/240 + q**5/40 + q**4/24 + q**2 + 5*q. Let k(c) be the second derivative of w(c). Give k(2).
-11
Suppose 0 = u - 3*l + l + 154, 4*l + 332 = -2*u. Let s = 160 + u. Let a(j) = -j + 2. Calculate a(s).
2
Let k be (0 - (-2 + -10)) + 1. Let p(b) = -27 + 14 + k + 2*b. What is p(2)?
4
Let g(n) = 6*n + 12 - n**2 + 8*n - 10 + 2*n**3 - 13*n. Suppose 0 = -3*k - 6. Determine g(k).
-20
Let x(d) be the first derivative of -d**4/4 + 7*d**3/3 - 7*d**2/2 + 7*d + 81. What is x(6)?
1
Let a(p) = 11*p**2 - 4*p - 8. Let y(g) = -14*g**2 + 5*g + 7. Let t(z) = -5*a(z) - 4*y(z). Give t(0).
12
Let o(x) = -3*x - 8. Let k(i) = -4*i - 9. Let a = 1 + -4. Let h(t) = a*o(t) + 2*k(t). Calculate h(-5).
1